 1. Let k(h) = -4*o(h) - 9*v(h). What is k(-6)?
-3
Let g(d) be the second derivative of 19*d**3/6 - 25*d**2 - 17*d + 3. Let m be g(2). Let y(h) = -h - 23. What is y(m)?
-11
Suppose 3*m + 44 = -k, 2*k = -5*m - 154 + 79. Let g(c) = -c - 52. What is g(m)?
-39
Let i(m) = -65*m - 2402. Let q be i(-37). Let s(k) be the second derivative of k**4/12 - k**3/6 - k**2 - k. Determine s(q).
4
Let a(q) = -10*q + 46. Let t(m) = 601*m - 1799. Let p be t(3). Give a(p).
6
Let m = -3008 + 3012. Let b(t) = 2*t + 1. Give b(m).
9
Let n(k) be the first derivative of -k**2/2 - 7*k + 5. Let g be n(-16). Let a(u) = -6 + u + 0 - 9*u**2 - 6*u**3 - 3 + 7*u**3. What is a(g)?
0
Let b(r) be the second derivative of -14*r**3/3 - 31*r**2 - 1565*r. Give b(-2).
-6
Let l(m) = -m**3 + 11*m**2 + 28*m - 29. Let x(r) = -242*r + 1949. Let i be x(8). Give l(i).
-3
Let p(t) = t + 4. Suppose -132 = -15*l + 3*l. Let x(f) = f**3 - 9*f**2 - 20*f - 27. Let m be x(l). Give p(m).
-1
Let n(w) = w**3 + 5*w**2 + 5*w - 1. Let c be n(-4). Let j(o) = -7*o + 52 - 31 + o - 22 + 17*o - 9*o. Give j(c).
-11
Let n(i) = -2*i - 2. Let b(d) = -11*d + 121. Let u(c) = b(c) - 3*n(c). Let g be u(24). Let j(h) = -5*h + 10. Give j(g).
-25
Let m be 1 - (342/(-66) + 4/22). Let c(q) be the third derivative of q**6/120 - q**5/10 + q**4/24 - 5*q**3/6 + 104*q**2. Determine c(m).
1
Let f(i) be the first derivative of i**5/60 - i**3/6 - 29*i**2/2 - 92. Let l(x) be the second derivative of f(x). What is l(0)?
-1
Let w(o) = -11*o**2 + 4*o - 3. Let s(l) = -5*l**2 + 2. Let d(v) = 2*s(v) - w(v). What is d(2)?
3
Suppose 661*c = 684*c + 70 + 45. Let f(k) = 10*k + 49. Give f(c).
-1
Let u be ((-126)/21)/((-5)/((-170)/(-4))). Let l be u/21 - -7*(-6)/98. Let v(c) = -c**2 + 1. What is v(l)?
-3
Let g(b) = -b**3 - 9*b**2 - 3*b + 6. Let l = 3480 + -3485. Give g(l).
-79
Let i(b) = -28 + b**3 + b - 4888*b**2 - 4900*b**2 + 9785*b**2. What is i(0)?
-28
Suppose 273 = -92*a - 463. Let l(b) = 8*b + 8. Calculate l(a).
-56
Let d(x) = -10*x + 11 - 16 + 11*x**2 + 4 - 12*x**2. Give d(-7).
20
Let s(n) = -n**2 + 1. Let c be 2*7 - 33/(-11). Let y = c - 16. Give s(y).
0
Let k(q) = -9*q**2 + 20*q - 100. Let z(s) = -2*s**2 + 5*s. Let r(x) = k(x) - 4*z(x). Give r(0).
-100
Let n(y) = y**3 - 2*y**2 - 5*y - 3. Let a(v) = 82*v - 1644. Let u be a(20). Give n(u).
-79
Let u(g) = 13*g**3 + 2*g - 1. Let c be u(1). Let b(a) = 5*a - c*a + 3*a + 5*a. Let l(q) = -35*q. Let h(x) = -14*b(x) + l(x). Calculate h(-1).
21
Let a(p) = -5*p - 2*p - p**3 - 12 + 6*p**2 + 3*p**2. Suppose -160*m - 210 = -1490. What is a(m)?
-4
Let q(v) be the first derivative of -1/4*v**4 + 9*v**2 + 16 + 16/3*v**3 - 18*v. Let h be q(17). Let p(b) = -4*b - 1. Give p(h).
3
Let t(b) be the first derivative of -5*b**2 - 112*b - 5222. Calculate t(-12).
8
Let i(c) = -c**2 + 1. Suppose 15*b = 69*b + 216. Let a(k) = -9*k**3 - 5*k**2 + k + 4. Let g(d) = b*i(d) + a(d). Let w be 2/((1 + 0)*2). Determine g(w).
-9
Let i be (-150)/(11 - 21) - 2. Let c(x) be the third derivative of -2/3*x**3 - i*x**2 + 0*x + 1/12*x**4 + 0. What is c(-3)?
-10
Suppose 76*d = 1 - 381. Let k(g) = g**3 + 4*g**2 - 7*g - 6. Determine k(d).
4
Let h(y) be the second derivative of -y**5/20 - 5*y**4/12 + 13*y**3/6 + 10*y**2 - 478*y + 1. Give h(-6).
-22
Let t(m) = -m + 567. Let i(q) = -q + 475. Let x(u) = -6*i(u) + 5*t(u). What is x(-15)?
-30
Let v(l) = -l**3 + 9*l**2 + 10*l + 1. Suppose -5*s = -g - 24, -3*g - 32 = -0*s - 5*s. Let n be (2 - g) + -3 + 381. Let a be 2/5 + n/40. Give v(a).
1
Let n(f) be the second derivative of f**3/6 + 21*f**2/2 + 3*f - 183. Give n(-18).
3
Let d(x) = -x**2 + 8*x + 15. Let a(y) = -5*y**2 - 13*y + 3. Let j be a(-2). Calculate d(j).
6
Suppose 5*h - 25 = 0, -3*u = 7*h - 11*h + 11. Let o(w) = -2*w**2 - 3*w**u + 2*w**3 - 2*w**2 + 2*w + 52615 - 52620. Give o(-5).
10
Let j be (-6 + 16)*(2 + 0). Suppose 0 = 4*d, v - 4*d + 5*d = j. Suppose 0 = -o - o + v. Let c(f) = f**3 - 9*f**2 - 10*f + 2. Give c(o).
2
Let q = 5655 - -5180. Let m(r) = 2 - 1 - 1 - q*r + 10816*r. Give m(-1).
19
Let q be 7 - (10 + -8) - 5. Suppose q = -4*n - 19*p + 24*p - 16, -8 = 2*n - 5*p. Let f(j) = j**3 + 5*j**2 + 5*j + 10. Calculate f(n).
6
Suppose 0 = -21*q + 163 + 68. Suppose -6 = i - 4*c - q, -i - 2*c = 19. Let t(b) = -b - 6. Calculate t(i).
5
Let g = -941 + 1459. Let o = g + -510. Let l(w) = w - 9. Calculate l(o).
-1
Let h(j) = 6*j**3 + j**2 - j - 2. Let b be (-4)/3*-48*1. Let s = -65 + b. Determine h(s).
-6
Let l(z) = -z + 7. Suppose 0 = -2*t + r + 80, 3*t + 5*r = 2*r + 120. Suppose -5*j + 5*n = 3 - 23, -3*j - 4*n = -t. What is l(j)?
-1
Let k(w) = 3*w**3 - 2*w + 1. Let o = 802 - 790. Let s be 6/o - 3/(-6). Calculate k(s).
2
Let b(a) be the first derivative of -a**4 - a**2/2 - 1. Let m(h) = 5*h**3 + 444*h**2 - 38*h + 4540. Let v be m(-89). Give b(v).
-5
Let f(v) = 8*v - 1. Suppose -4*g + 2*g + 26 = 0. Suppose -16*o + 15*o + g = 0. Suppose 4*q = 5*d + 19, -4*q + d + 2*d = -o. Calculate f(q).
7
Suppose 4*c - 2*y = 14, 4*c = -2*y + 7*y + 17. Let r(v) = -5 + 8065*v**2 - c*v**3 + 2*v**3 - 8064*v**2 + v. Calculate r(0).
-5
Let q(i) = -10*i + 6. Let s be q(-3). Let j = 45 - s. Let w(b) = 8*b**2 + j*b + 3*b**2 - 11 + 3 + b**3. Calculate w(-10).
2
Suppose 1105*v - 1103*v - 6 = 0. Let d(c) = c + 1. Let w(a) be the third derivative of -a**4/24 - 2*a**3 - a**2. Let f(t) = v*d(t) + w(t). Calculate f(5).
1
Let g(u) = -11*u**2 + 2*u - 2. Let d = 4161 - 4158. Determine g(d).
-95
Suppose -3*r = -12, 0 = -4*f + 5*r - 9 + 1. Let s(l) = -105*l**f - 4 - 5*l**2 + 104*l**3 - l - 2. Calculate s(-6).
36
Let k(u) = 4*u**2 + 9*u + 8. Let s be ((-1132)/(-849))/((-10)/(-18) - 1). What is k(s)?
17
Let h = -4 + 3. Let k(l) = -4*l - 4. Let v(d) = -13*d - 14. Suppose -4*b = -4, p - 2*p - 5*b = -9. Let f(r) = p*v(r) - 14*k(r). Give f(h).
-4
Let b = -3 + 16. Let f(p) = 438*p**2 + 26*p + 17. Let k(s) = 239*s**2 + 13*s + 9. Let o(g) = 6*f(g) - 11*k(g). What is o(b)?
3
Let f(w) = 2*w**3 + 9*w**2 - 18*w - 23. Let a(h) = -4*h**3 + h**2 - 2*h - 2. Let m(k) = 10*a(k) - f(k). Calculate m(1).
-40
Let q(a) = 160 + 7*a + 18*a**2 - 26*a**2 - 163 + a**3. What is q(7)?
-3
Suppose 5*a + 2069*l = 2070*l + 18, -22 = -3*a + 2*l. Let f(m) = -10*m**3 + 3*m - 5. Give f(a).
-79
Let w(s) = -s**2 - 4*s + 5. Let v be (-3 - -1) + 12*(-5)/(-15). Let q be (-4)/v*(4 - 2). Determine w(q).
5
Let d(h) = -h**3 + 17*h**2 - 13*h + 21. Suppose f - 16*p = -11*p + 31, 0 = 2*f - p - 35. Calculate d(f).
69
Suppose -289 = -437*a + 148. Let c(j) = -j**3 - 7*j**2 + 3*j - 1. Give c(a).
-6
Let b(y) = y**2 - 15*y + 20. Suppose 0 = 2195*w - 2179*w - 176. Calculate b(w).
-24
Suppose 14 = 6*a + a. Let f(q) = 14*q + 3*q**2 - 8 - 4 - 4*q**a - 24*q. What is f(-8)?
4
Let w(s) be the second derivative of 2*s**3 - 3*s**2 + s + 18. Let t(k) = -10*k + 4. Let l(b) = -5*t(b) - 4*w(b). Calculate l(-4).
-4
Suppose -2*c + 210 = 4*c. Suppose -7*p + c = -28. Let s be (p + -5)*(-2)/2. Let m(i) = i**3 + 5*i**2 + 3*i - 5. What is m(s)?
-1
Let z(r) = 3*r**2 - 3. Let q(p) = 13*p**2 + 7*p - 5. Let b(u) = q(u) - 4*z(u). Suppose 4*g - 2 = -26. Calculate b(g).
1
Let k(z) = 7*z**2 - 5*z + 1. Let m = 4836 - 4835. Give k(m).
3
Suppose -3*v + 124 - 53 = 5*h, -v - h = -19. Let w(r) = -5*r**2 + 62*r - 21. Calculate w(v).
3
Let t(p) = 1 - 7 - 2 + 5 - 4*p. Let q(o) = o + 6. Let n be q(-8). Give t(n).
5
Let t(d) = d + 79 - 212 + 70 + 2*d**2 + 73. What is t(4)?
46
Let z(o) be the first derivative of o**5/60 - 11*o**4/24 + o**3 + 37*o**2/2 + 5. Let c(v) be the second derivative of z(v). What is c(11)?
6
Let p = 60/41 - 679/492. Let l(f) be the second derivative of -f - p*f**4 + 4/3*f**3 + 5/2*f**2 + 0. Determine l(4).
21
Let c = 39 + -40. Let t(u) = 27*u**2 - u. Let b be t(c). Suppose 0 = -7*j + 7 - b. Let g(n) = 2*n**2 + 2*n - 2. Calculate g(j).
10
Let x(t) = -t**3 + 13*t**2 - 2*t - 34. Let f be x(13). Let z = f - -63. Let i(a) = -a**2 + 2*a + 4. What is i(z)?
1
Let r(o) = 2*o**2 + 4*o + 13. Let b be r(-5). Let g(s) = -3*s**2 - b - 46 + 91 + 3*s**3. Let c be 8/(-6)*3/(-2). Give g(c).
14
Let x(r) = -r**3 - 13*r**2 - 2*r - 27. Let j = 3957 + -3970. What is x(j)?
-1
Let u = -561 + 610. Suppose 0 = -u*s + 55*s + 24. Let l(g) = 2*g**2 + 3*g - 16. Calculate l(s).
4
Let c(u) = -u**3 + 5*u**2 - 2*u. Suppose r + 2*p = 5*p + 17, -5*r - 4*p - 10 = 0. Suppose -5 + 1 